e -5*j + c = 6. What is the greatest common divisor of j and 3?
1
Let y be 3/(-1) - (-10 + 6). Let i be y*3 + (9 - -12). Calculate the greatest common divisor of 3 and i.
3
Suppose w - 6 = -w. Suppose w*i = -2*h + 45, 0 = -4*i - h + 92 - 27. Let p be 4/6 + 98/6. Calculate the greatest common factor of i and p.
17
Let p(c) = -c**3 - 28*c**2 - 52*c + 50. Let f be p(-26). What is the greatest common factor of 25 and f?
25
Let c be 25/100 - ((-238)/8 + 1). Suppose 2 - c = -3*k. Calculate the highest common divisor of 99 and k.
9
Let h = 11 + -10. Let z be 1 + h - (-582)/2. Let b = z + -117. Calculate the greatest common divisor of b and 16.
16
Let g be (-12 - -2 - -7) + 0 + 311. Calculate the highest common factor of 28 and g.
28
Let a(f) = 14*f**2 + 3*f + 2. Let t be a(-3). Suppose t = 3*k - 421. Calculate the highest common divisor of k and 18.
18
Suppose r - 22 = -9. Suppose 2*b + b - 303 = 3*f, -b - f = -107. What is the greatest common divisor of b and r?
13
Let t = -1624 - -2346. What is the highest common divisor of t and 38?
38
Suppose 4*i = -2*g + 42, 0 = -3*g + i - 2*i + 38. Suppose 38*s = 40*s - 6. Let j(z) = 19*z - 2. Let t be j(s). Calculate the highest common factor of g and t.
11
Let c be ((-2)/4)/1*92 + 4. Let u = c - -49. Calculate the greatest common divisor of u and 1.
1
Let w = 2 - 0. Let j = -600 + 601. What is the highest common divisor of j and w?
1
Suppose -4*d + 0*d - 4 = 0. Let g = d - -5. Suppose 0 = g*j - 5*p - 21, -5*p - 17 = -3*j - 5. What is the greatest common factor of j and 3?
3
Suppose 6*a - a = 115. Let d = -20 + a. What is the highest common factor of 6 and d?
3
Suppose -10*v + 100 = -630. Calculate the highest common factor of 2701 and v.
73
Suppose a - 96 = -0*a. Let c = 2881 + -2737. Calculate the highest common divisor of c and a.
48
Let v be (-12 - -45)*(-3)/(-1). Calculate the greatest common divisor of 132 and v.
33
Let i(k) = -23*k + 9. Let h be i(7). Let a = h + 224. Suppose -5*r + 108 + a = 0. What is the greatest common factor of r and 12?
12
Let v be 96/44 + (-6)/33. Let k be (-4)/v + (-88)/(-2). Calculate the greatest common divisor of 14 and k.
14
Let v(c) = -630*c**3 - 2*c**2 - c + 1. Let z be v(-1). Calculate the highest common factor of 140 and z.
70
Suppose 135 + 63 = 9*g. Let a = -204 + 446. Calculate the greatest common factor of a and g.
22
Let q be 8567/117 + 2/(-9). Let n = 79 - q. Calculate the highest common factor of n and 114.
6
Let r be 24*((-642)/(-264) + 2/(-11)). Let n be (1 - r/4)*(31 + -33). What is the highest common factor of 5 and n?
5
Let k = 286 - 275. What is the greatest common factor of 4 and k?
1
Let f(o) = 6*o**2 - 14*o + 5. Let r be f(3). Calculate the greatest common divisor of r and 1819.
17
Let u be 22/(-55) + ((-6732)/(-5))/6. Calculate the highest common factor of 128 and u.
32
Suppose 2*b = -10, 0 = 2*p - 4*b - 10 - 10. Suppose y + 2*y - 12 = p. Let a(r) = 2*r - 4. Let q be a(y). What is the greatest common factor of 4 and q?
4
Let n(f) = -2*f - 18. Let o be n(-9). Suppose o = 6*t - 160 - 68. Suppose 2*w - t = -10. Calculate the highest common factor of 154 and w.
14
Let z(o) = 3*o**2 - o + 1. Let j be z(1). Suppose 2*b - 192 = -3*h, -8*h = -5*b - j*h + 430. Calculate the highest common factor of b and 9.
9
Let b(v) = 2*v + 12. Suppose -2*u = -3*u + 2, -l + 5*u = 2. Let c be b(l). Calculate the highest common divisor of c and 140.
28
Let o = 647 + -639. Let x = 43 - 29. Let y be 8/(-28) + 340/x. Calculate the greatest common divisor of y and o.
8
Let c = -6881 - -6923. Let g = 34 - 22. What is the greatest common divisor of c and g?
6
Suppose 2*i = -4 - 4. Let p(n) = n**2 - n - 13. Let z be p(i). Calculate the highest common divisor of z and 63.
7
Suppose c - 2*j = -7*j - 1, 4*j = 5*c - 82. What is the highest common factor of 434 and c?
14
Let u be ((-3)/6 - -1)/(2/12). Suppose -5*o + 450 = -u*o. What is the greatest common factor of 25 and o?
25
Suppose 3*g = -5*h + 120, -5*g = 4*h + 134 - 347. Let l be 71/1 + (0 - 0). Let b = -41 + l. What is the highest common factor of b and g?
15
Let p = 7 + -4. Let g(q) = q**2 - 1. Let t = -32 + 36. Let h be g(t). What is the highest common factor of p and h?
3
Let w be (17/2)/((-24)/(-16))*9. Calculate the highest common factor of w and 68.
17
Suppose 2*q + 5*q = -21. Let o be q/(9/12) + 118. Suppose 360 = 5*z - 5*t, -20 = 3*z + 4*t - 264. Calculate the greatest common factor of o and z.
38
Let o(u) = -u - 1. Let a be ((-1)/1)/(1/7). Let d be o(a). Calculate the greatest common factor of d and 9.
3
Let u be -180*(-1 + 2)*-2. Suppose 14*w = 27*w + 234. Let f be u/54*w/(-5). What is the highest common factor of f and 6?
6
Let p be (-2)/(-8) - 140/(-16). Let j be 450/p*(7 + -1). Suppose -5*u + j = -260. Calculate the greatest common divisor of 16 and u.
16
Suppose 13616 = 22*b + 1494. Calculate the highest common divisor of b and 19.
19
Suppose 0 = 3*j + 2*j. Suppose 0 = -a - 2*w + 30, -w - 75 = -4*a - j*w. What is the greatest common factor of 10 and a?
10
Let g(n) = 29*n**2 + n + 1. Let k be g(2). Let u be 1*(1/(-1) + 4). Suppose -6 - u = -3*j, 4*r - 59 = 3*j. Calculate the highest common divisor of k and r.
17
Let c be (-28 - 1)*(-21 + 19). Let g = 75 + -46. Calculate the greatest common divisor of c and g.
29
Let s(k) = -k**3 + 11*k**2 - 21*k + 28. Let m be s(8). What is the greatest common divisor of 117 and m?
13
Suppose -7*w - 2*c = -4*w - 49, 0 = -2*w + 4*c + 22. What is the greatest common factor of 35 and w?
5
Suppose -h - 7 = -l - 1, 4*l - 34 = -h. Calculate the greatest common factor of l and 512.
8
Let k(s) = 20*s + 1. Let f be k(1). Let m be -84*8/(-64)*(2 + 0 - 0). Calculate the greatest common divisor of f and m.
21
Let x(a) = 8*a**3 - a**2 + a + 1. Let m be x(-1). Suppose -5*h + 34 = -61. Let t = h + m. Calculate the highest common divisor of 20 and t.
10
Let h be 4/8*6*376/(-12). Let l = h - -120. Calculate the greatest common factor of 39 and l.
13
Let t = 44 - 44. Suppose i + 102 = 4*q - i, t = i + 3. Calculate the highest common divisor of 216 and q.
24
Suppose -2*g = g + 5*p - 2703, -3*g - 4*p + 2700 = 0. Calculate the highest common divisor of 28 and g.
28
Let o = 19 - 10. Let q(d) = d**3 + 14*d**2 - 22*d**2 - 39*d + 5 + 35*d. Let u be q(o). Calculate the highest common divisor of 10 and u.
10
Let p = -1467 - -1612. Calculate the highest common divisor of p and 29.
29
Suppose -7 = -2*o + 191. Suppose -k = -4*v + o, v + 5*k = k + 46. Suppose 0 = 4*r - 12*r + 1456. What is the greatest common divisor of v and r?
26
Let z = -70 + 81. What is the highest common factor of 209 and z?
11
Suppose 0 = -2*q - 4*w + 14 + 66, 0 = 5*w + 5. Let d be 3/(6/16) - 1. Calculate the greatest common divisor of q and d.
7
Let q(l) = 18*l - 48. Let i be q(8). Suppose 14*y + i = 18*y. Calculate the greatest common divisor of 84 and y.
12
Let x be -9 - (-16)/4 - -6. Calculate the highest common divisor of x and 2.
1
Let d be -3 - -4 - (33 - 2). Let c be (d/(-8))/(9/48). Calculate the greatest common divisor of 80 and c.
20
Suppose 4*c - 36 = -4*b, 4*c - 15 = c. Let k(q) = q**2 + 11 - 76*q + 72*q - 1. Let j be k(b). Calculate the highest common factor of j and 40.
10
Let d = 22 + -19. Let k = 2 + -3. Let g be (d/k)/((-6)/8). Calculate the highest common factor of 8 and g.
4
Let d(o) = -2*o**2 + o - 54. Let a be d(0). Let m = -40 - a. Calculate the greatest common factor of m and 28.
14
Let c(i) = 2*i**2 - 33*i + 236. Let d be c(27). Calculate the highest common factor of d and 22.
11
Let u = 10 + 2. Suppose s + u - 41 = -w, -w + s = -23. Calculate the greatest common divisor of 286 and w.
26
Let l = -1145 + 2882. Calculate the greatest common divisor of l and 9.
9
Let i(g) = 14*g + 4*g - 4 + 1 + 5. Let a be i(1). Calculate the greatest common factor of 15 and a.
5
Let m(f) = -50*f - 80. Let a be m(-2). What is the highest common divisor of 12 and a?
4
Let x = 0 - -20. Let n(q) = -q**3 - 8*q**2 + 8. Let a be n(-8). What is the greatest common divisor of a and x?
4
Let g = -13 + 18. Let u(c) = 2*c**2 - 3*c - 17. Let h be u(-13). Suppose -g*q = -3*q - h. What is the greatest common divisor of 20 and q?
20
Let b = -136 - -2408. Calculate the greatest common divisor of 32 and b.
32
Suppose -4*d - 3*z - 16 = -0*d, 12 = -3*d + z